40
What is -1b77 (base 12) in base 16?
-d4b
Convert -18768 (base 12) to base 9.
-53808
Convert -839 (base 10) to base 2.
-1101000111
-1a1b7 (base 12) to base 10
-38299
-1000002021 (base 3) to base 12
-b514
Convert -9769 (base 15) to base 16.
-7d31
1830 (base 12) to base 7
11334
29475 (base 10) to base 2
111001100100011
What is -121332 (base 4) in base 6?
-11410
Convert 20102120 (base 3) to base 15.
15c6
Convert -5826 (base 12) to base 15.
-2d9c
What is 143 (base 5) in base 11?
44
Convert 513 (base 12) to base 13.
447
-264 (base 14) to base 9
-583
Convert -134 (base 14) to base 8.
-362
Convert 6082 (base 13) to base 16.
33e8
Convert -1011010111 (base 2) to base 13.
-43c
What is 1427b (base 16) in base 3?
11012020121
Convert -153 (base 9) to base 2.
-10000001
What is -36221 (base 10) in base 2?
-1000110101111101
What is 6102 (base 11) in base 5?
224414
What is 2fba (base 16) in base 11?
91a8
Convert -10010110010 (base 2) to base 4.
-102302
2043 (base 10) to base 2
11111111011
Convert -10000000101 (base 2) to base 14.
-537
4d0 (base 14) to base 5
12331
212 (base 3) to base 5
43
-4224424 (base 5) to base 3
-10120212100
Convert -25510 (base 6) to base 2.
-111100010010
Convert 15bd (base 16) to base 6.
41433
-1021112 (base 3) to base 10
-932
Convert -10164 (base 7) to base 14.
-ca4
What is -1346 (base 12) in base 8?
-4246
What is 48c5 (base 16) in base 10?
18629
-5a4 (base 15) to base 13
-775
What is 3c4b (base 16) in base 6?
155243
Convert -2142 (base 6) to base 5.
-3434
What is -520330 (base 6) in base 8?
-121176
1000 (base 13) to base 15
9b7
6640 (base 7) to base 13
1111
2133434 (base 5) to base 10
36744
What is -2321 (base 5) in base 13?
-1cb
Convert 101101000100000 (base 2) to base 12.
11428
-87af (base 16) to base 6
-424451
Convert 599 (base 14) to base 6.
5055
What is 7206 (base 13) in base 10?
15723
What is -120030 (base 5) in base 4?
-1010212
What is 606 (base 11) in base 14?
3a4
What is 10413 (base 7) in base 4?
220233
4a1a4 (base 11) to base 14
1c3c9
What is -22221 (base 4) in base 9?
-836
What is 2368 (base 12) in base 6?
30212
Convert -12458 (base 10) to base 5.
-344313
-211311 (base 4) to base 16
-975
Convert 1395 (base 13) to base 14.
105c
215052 (base 6) to base 16
4628
Convert 1681 (base 9) to base 12.
8b4
Convert 110221 (base 3) to base 15.
184
-48e2 (base 16) to base 14
-6b2a
What is 134226 (base 8) in base 15?
e004
1404 (base 12) to base 2
100100000100
What is 4249 (base 11) in base 3?
21201010
Convert 50640 (base 7) to base 13.
57c3
113041 (base 5) to base 6
31110
-2540 (base 6) to base 4
-21330
-5447 (base 12) to base 8
-22067
Convert -921 (base 12) to base 10.
-1321
Convert 3850 (base 9) to base 10.
2880
-3133 (base 9) to base 16
-8fa
What is -4507 (base 11) in base 3?
-22010212
What is 22b (base 12) in base 6?
1255
What is 3b08 (base 13) in base 12?
4a8a
-69b (base 13) to base 9
-1508
Convert 1318a (base 11) to base 10.
18853
1001001000 (base 2) to base 9
718
8a0 (base 11) to base 15
4bd
What is 301b (base 15) in base 9?
14828
What is 59d (base 15) in base 8?
2371
-11111000100 (base 2) to base 8
-3704
Convert 2ecd (base 16) to base 15.
383b
Convert -3215 (base 7) to base 2.
-10001110011
Convert -22a (base 16) to base 4.
-20222
Convert 341444 (base 5) to base 13.
5698
-60226 (base 7) to base 16
-38bc
210111100 (base 3) to base 10
15669
-715 (base 16) to base 2
-11100010101
What is -40223 (base 5) in base 4?
-220003
What is -436b (base 16) in base 15?
-51a9
8141 (base 9) to base 15
1b6a
What is -1029 (base 12) in base 3?
-2102020
Convert 4c15 (base 14) to base 16.
3423
Convert 1ab (base 12) to base 16.
113
Convert -871 (base 14) to base 4.
-122003
Convert 202164 (base 8) to base 14.
1a428
What is 5130 (base 9) in base 5?
110003
6866 (base 15) to base 3
1010101020
33360 (base 9) to base 5
1202132
What is 2503 (base 7) in base 16?
3a6
What is -3b (base 12) in base 8?
-57
What is -110230 (base 5) in base 14?
-1567
Convert 342 (base 6) to base 16.
86
What is 22751 (base 11) in base 6?
412023
Convert 226 (base 13) to base 10.
370
Convert -16a (base 14) to base 10.
-290
What is 1110010 (base 2) in base 8?
162
Convert -1000122 (base 3) to base 8.
-1352
-3110 (base 12) to base 8
-12334
What is 57b2 (base 12) in base 16?
2636
Convert 1484 (base 12) to base 13.
112c
What is -66010 (base 7) in base 4?
-10001113
Convert 812 (base 16) to base 7.
6011
Convert -3412 (base 6) to base 3.
-1002122
-1045 (base 6) to base 10
-245
Convert 59bc (base 13) to base 6.
134341
What is 1020111 (base 4) in base 9?
6313
-100110020 (base 3) to base 4
-1223223
What is -10000100000 (base 2) in base 16?
-420
What is 1674 (base 15) in base 12?
296a
What is 1995 (base 11) in base 12?
1564
10010111 (base 2) to base 6
411
What is 301110 (base 4) in base 13?
158a
What is -1110111011101 (base 2) in base 7?
-31201
Convert 13702 (base 12) to base 8.
64462
Convert 5a2 (base 16) to base 11.
10a1
-21320 (base 4) to base 7
-1562
Convert 1af (base 16) to base 6.
1555
Convert 1010010110 (base 2) to base 13.
3bc
What is 20301033 (base 4) in base 14?
d139
-226 (base 8) to base 3
-12120
Convert -522 (base 13) to base 12.
-609
What is a78 (base 13) in base 15?
7e4
Convert -242340 (base 7) to base 11.
-30132
What is -7481 (base 11) in base 2?
-10011010100010
Convert 254 (base 7) to base 5.
1022
21b (base 12) to base 7
623
-4332 (base 5) to base 13
-367
-714 (base 10) to base 4
-23022
Convert -434 (base 6) to base 2.
-10100110
Convert -27a6 (base 11) to base 2.
-111000101001
What is -303113 (base 4) in base 9?
-4452
-40230 (base 5) to base 15
-b60
-84a (base 12) to base 15
-55a
210110 (base 3) to base 12
403
What is 12111 (base 5) in base 4?
32022
What is -3122 (base 4) in base 16?
-da
Convert -7340 (base 9) to base 8.
-12406
Convert 22102102 (base 3) to base 8.
13774
What is 12665 (base 7) in base 6?
23512
1670 (base 13) to base 11
2532
What is -177 (base 8) in base 5?
-1002
201314 (base 7) to base 2
1000010101000011
What is 4223 (base 5) in base 6?
2335
What is 11340 (base 6) in base 14?
856
Convert -10302 (base 4) to base 8.
-462
Convert -1221110 (base 3) to base 14.
-732
Convert 6426 (base 12) to base 3.
120001110
Convert -1001101000010001 (base 2) to base 4.
-21220101
Convert -16221 (base 7) to base 15.
-154c
-320 (base 13) to base 16
-215
Convert 14070 (base 8) to base 3.
22111122
Convert 612 (base 11) to base 16.
2e3
Convert -93 (base 13) to base 12.
-a0
40e (base 15) to base 5
12124
4bc (base 15) to base 16
435
Convert 3302 (base 5) to base 6.
2032
Convert -1172 (base 9) to base 11.
-726
Convert 48 (base 13) to base 10.
60
Convert 6ca0 (base 14) to base 11.
13273
-a02c (base 15) to base 6
-420240
Convert -39b (base 14) to base 11.
-5aa
Convert -101c (base 15) to base 5.
-102102
Convert -a857 (base 12) to base 5.
-1042444
Convert 12302233 (base 4) to base 7.
144055
What is -23256 (base 7) in base 3?
-22012010
What is 1011000010101 (base 2) in base 13?
275b
Convert -404430 (base 6) to base 5.
-2012010
122202002 (base 3) to base 16
3287
-37bc (base 14) to base 8
-23052
What is 5541 (base 9) in base 3?
12121101
What is -30146 (base 8) in base 16?
-3066
What is -7292 (base 15) in base 3?
-1020012202
What is -273 (base 12) in base 4?
-11313
210 (base 9) to base 13
102
Convert -1112202222 (base 3) to base 9.
-45688
What is 2240422 (base 5) in base 6?
505412
255 (base 6) to base 15
72
-c1eb (base 15) to base 7
-230243
Convert 1ad (base 16) to base 7.
1152
What is -133022 (base 4) in base 15?
-8ce
-1038 (base 12) to base 15
-7d2
101000000011111 (base 2) to base 3
1001010200
Convert -216411 (base 8) to base 10.
-72969
Convert 111300 (base 4) to base 14.
716
What is 1000010010111 (base 2) in base 10?
4247
-2050 (base 11) to base 3
-10201122
What is -4216 (base 8) in base 11?
-1711
Convert -34122 (base 7) to base 12.
-5000
What is -1165 (base 8) in base 14?
-32d
-8896 (base 16) to base 2
-1000100010010110
Convert -1552 (base 10) to base 2.
-11000010000
What is -4162 (base 10) in base 16?
-1042
Convert 274 (base 11) to base 9.
388
11461 (base 7) to base 16
ba7
Convert 11111011011 (base 2) to base 12.
11b7
Convert -58a (base 15) to base 7.
-3442
743 (base 8) to base 13
2b2
13033010 (base 4) to base 6
345112
What is -7425 (base 8) in base 7?
-14154
Convert 111001110000 (base 2) to b